{"id":1393,"date":"2022-04-21T11:26:28","date_gmt":"2022-04-21T11:26:28","guid":{"rendered":"https:\/\/yola-cabanas.com\/index.php\/about\/"},"modified":"2026-03-13T20:45:59","modified_gmt":"2026-03-13T19:45:59","slug":"about","status":"publish","type":"page","link":"https:\/\/yola-cabanas.com\/index.php\/about\/","title":{"rendered":"BIO"},"content":{"rendered":"\n<div class=\"wp-block-stackable-text stk-block-text stk-block stk-6f41dda\" data-block-id=\"6f41dda\"><p class=\"stk-block-text__text has-text-align-justify\">Mi historia no se escribe en l\u00ednea recta, sino a trav\u00e9s del arte, los viajes, la observaci\u00f3n, el estudio y la comunicaci\u00f3n. <\/p><\/div>\n\n\n\n<div class=\"wp-block-stackable-text stk-block-text stk-block stk-814c7b3\" data-block-id=\"814c7b3\"><p class=\"stk-block-text__text has-text-align-justify\">He vivido en lugares tan diversos como Brasil, Taiw\u00e1n, Inglaterra o Espa\u00f1a, conviviendo con sus gentes, saboreando sus culturas, comprendiendo sus psicolog\u00edas; una experiencia profunda que ha fomentado mi creatividad y libre pensamiento.<\/p><\/div>\n\n\n\n<h3 class=\"wp-block-heading has-text-align-center\">Formaci\u00f3n y Academia<\/h3>\n\n\n\n<ul class=\"wp-block-list\">\n<li>Doble Licenciatura en Richmond The American International University in London, Inglaterra, UK. <\/li>\n\n\n\n<li>M\u00e1ster (MA) en <strong>Antropolog\u00eda Social<\/strong> por la Universidad de Kent, Canterbury, Inglaterra, UK. <\/li>\n\n\n\n<li>M\u00e1ster (M.Sc.) en Computing (Inteligencia Artificial) por la University of London, Inglaterra, UK. <\/li>\n\n\n\n<li>Experiencia Docente como Profesora asociada impartiendo cursos universitarios en Antropolog\u00eda del Arte, Impacto Social y Cultural de la IA y Tecnolog\u00eda en Richmond The American International University in London, Inglaterra, UK.<\/li>\n\n\n\n<li>Certificada &#8220;Practitioner&#8221; en <strong>Terapia Floral<\/strong> por el Bach Center de Gales y el Laboratorio DIAFARM. <\/li>\n\n\n\n<li>Como artista, he desarrollado mi propia obra art\u00edstica y participado en numerosas exposiciones y ferias de arte.<\/li>\n<\/ul>\n\n\n\n<h3 class=\"wp-block-heading has-text-align-center\">El Arte como Lenguaje de lo Invisible<\/h3>\n\n\n\n<div class=\"wp-block-stackable-text stk-block-text stk-block stk-5066a55\" data-block-id=\"5066a55\"><p class=\"stk-block-text__text has-text-align-justify\">Mi faceta como artista pl\u00e1stica nace de una pasi\u00f3n profunda por pintar, por entrar en un estado de consciencia donde el tiempo se detiene&#8230; Es un acto de intuici\u00f3n pura a trav\u00e9s del trazo y el contacto con el color; un gozo donde expreso lo visible y lo invisible.<\/p><\/div>\n\n\n\n<div class=\"wp-block-stackable-text stk-block-text stk-block stk-99eddfc\" data-block-id=\"99eddfc\"><p class=\"stk-block-text__text has-text-align-justify\">Para m\u00ed, el arte es un lenguaje invisible que opera por resonancia. El artista es el emisor, la obra es el puente y t\u00fa eres el receptor. No busco que &#8216;entiendas&#8217; mi t\u00e9cnica, busco que te sincronices con ella. Una obra tiene el poder de transformar una vida no por lo que muestra, sino por la descarga de sentido que ocurre cuando el espectador y la creaci\u00f3n vibran en el mismo tiempo y lugar. Mi prop\u00f3sito es crear esos puntos de conexi\u00f3n.<\/p><\/div>\n\n\n\n<p>Mi trayectoria art\u00edstica diversas exposiciones de arte en Galer\u00edas, Ferias Internacionales, Espacios Culturales, tales como:<\/p>\n\n\n\n<ul class=\"wp-block-list\">\n<li><strong>Instituciones y Museos:<\/strong> Presentaci\u00f3n con proyecci\u00f3n de luz de obra pict\u00f3rica en el <strong>MUPAM<\/strong> (Museo del Patrimonio Municipal de M\u00e1laga). Exposiciones en la <strong>Diputaci\u00f3n de M\u00e1laga<\/strong> (<em>&#8220;Arte Malacitano&#8221;<\/em>, <em>&#8220;Presencias&#8221;<\/em>), el <strong>Museo Casa Julio Escobar<\/strong> (Los Molinos, Madrid), la Facultad de Derecho de la <strong>Universidad de Alcal\u00e1 de Henares<\/strong> y la <strong>Fundaci\u00f3n Caja de \u00c1vila<\/strong> (Palacio Los Serrano).<\/li>\n\n\n\n<li><strong>Ferias y Salones de Arte:<\/strong> Participaci\u00f3n en la <strong>Feria de Arte del Ayuntamiento de San Lorenzo de El Escorial<\/strong>, el <strong>Sal\u00f3n de Oto\u00f1o<\/strong> (Feria Internacional de Arte en Barcelona) representada por la Galer\u00eda Arag\u00f3n 232, y la <strong>Noche de las Estrellas<\/strong> (Galer\u00eda Javier Rom\u00e1n, M\u00e1laga).<\/li>\n\n\n\n<li><strong>Exposiciones Individuales:<\/strong> T\u00edtulos que reflejan mi constante investigaci\u00f3n sobre la psique y el ser: <em><strong>&#8220;Conciencia&#8221;<\/strong><\/em>, <em><strong>&#8220;Mundos&#8221;<\/strong><\/em>, <em><strong>&#8220;Realidades&#8221;<\/strong><\/em>, <em><strong>&#8220;Placer&#8221;<\/strong><\/em>, <em><strong>&#8220;Liberaci\u00f3n&#8221;<\/strong><\/em> y <em><strong>&#8220;Conexiones: Visiones paralelas&#8221;<\/strong><\/em>.<\/li>\n\n\n\n<li><strong>Centros Culturales y Espacios P\u00fablicos:<\/strong> Ayuntamiento de Bargas (Toledo), Casa de Cultura de Manzanares el Real, Sala de Exposiciones Manuel Barbadillo (M\u00e1laga), y el Centro Cultural Clara Campoamor (Sala Maruja Mallo, Madrid).  <\/li>\n<\/ul>\n\n\n\n<h3 class=\"wp-block-heading has-text-align-center\">Una Astrolog\u00eda de Empoderamiento y Libertad<\/h3>\n\n\n\n<div class=\"wp-block-stackable-text stk-block-text stk-block stk-95a0419\" data-block-id=\"95a0419\"><p class=\"stk-block-text__text has-text-align-justify\">Me he formado a trav\u00e9s de la obra y cursos de grandes referentes de la astrolog\u00eda evolutiva, psicol\u00f3gica y moderna, como <strong>Alan Leo, Steven Forrest, Elizabeth Spring y Tracy Marks<\/strong>, entre otros. De su mano he profundizado en una visi\u00f3n del cosmos que no busca imponer un destino, sino ofrecer herramientas de autoconocimiento y transformaci\u00f3n, un camino de desarrollo personal,  donde hacer m\u00e1s consciente lo inconsciente, comprender las energ\u00edas zodiacales y encender tus propias luces.<\/p><\/div>\n\n\n\n<div class=\"wp-block-stackable-text stk-block-text stk-block stk-95c3552\" data-block-id=\"95c3552\"><p class=\"stk-block-text__text has-text-align-justify\">Entiendo la astrolog\u00eda y el trabajo con el m\u00e1s all\u00e1 como herramientas de regeneraci\u00f3n. Mi enfoque se aleja de las predicciones deterministas para entrar en el terreno de lo profundo, lo ps\u00edquico<strong> y la creatividad cotidiana.<\/strong><\/p><\/div>\n\n\n\n<p><\/p>\n","protected":false},"excerpt":{"rendered":"<p>Mi historia no se escribe en l\u00ednea recta, sino a trav\u00e9s del arte, los viajes, la observaci\u00f3n, el estudio y la comunicaci\u00f3n. He vivido en lugares tan diversos como Brasil, Taiw\u00e1n, Inglaterra o Espa\u00f1a, conviviendo con sus gentes, saboreando sus culturas, comprendiendo sus psicolog\u00edas; una experiencia profunda que ha fomentado mi creatividad y libre pensamiento. [&hellip;]<\/p>\n","protected":false},"author":1,"featured_media":793,"parent":0,"menu_order":0,"comment_status":"closed","ping_status":"closed","template":"","meta":{"footnotes":""},"class_list":["post-1393","page","type-page","status-publish","has-post-thumbnail","hentry"],"blocksy_meta":{"content_style_source":"inherit","styles_descriptor":{"styles":{"desktop":"","tablet":"","mobile":""},"google_fonts":[],"version":6}},"_hostinger_reach_plugin_has_subscription_block":false,"_hostinger_reach_plugin_is_elementor":false,"_links":{"self":[{"href":"https:\/\/yola-cabanas.com\/index.php\/wp-json\/wp\/v2\/pages\/1393","targetHints":{"allow":["GET"]}}],"collection":[{"href":"https:\/\/yola-cabanas.com\/index.php\/wp-json\/wp\/v2\/pages"}],"about":[{"href":"https:\/\/yola-cabanas.com\/index.php\/wp-json\/wp\/v2\/types\/page"}],"author":[{"embeddable":true,"href":"https:\/\/yola-cabanas.com\/index.php\/wp-json\/wp\/v2\/users\/1"}],"replies":[{"embeddable":true,"href":"https:\/\/yola-cabanas.com\/index.php\/wp-json\/wp\/v2\/comments?post=1393"}],"version-history":[{"count":107,"href":"https:\/\/yola-cabanas.com\/index.php\/wp-json\/wp\/v2\/pages\/1393\/revisions"}],"predecessor-version":[{"id":3651,"href":"https:\/\/yola-cabanas.com\/index.php\/wp-json\/wp\/v2\/pages\/1393\/revisions\/3651"}],"wp:featuredmedia":[{"embeddable":true,"href":"https:\/\/yola-cabanas.com\/index.php\/wp-json\/wp\/v2\/media\/793"}],"wp:attachment":[{"href":"https:\/\/yola-cabanas.com\/index.php\/wp-json\/wp\/v2\/media?parent=1393"}],"curies":[{"name":"wp","href":"https:\/\/api.w.org\/{rel}","templated":true}]}}